 by 212.
178
Calculate the remainder when 5266818 is divided by 19.
18
What is the remainder when 2102417 is divided by 55?
42
What is the remainder when 688208756 is divided by 409?
407
Calculate the remainder when 52117834 is divided by 76.
74
What is the remainder when 8795973 is divided by 4397986?
1
What is the remainder when 25553706 is divided by 3650529?
3
What is the remainder when 292805 is divided by 126?
107
What is the remainder when 2026909 is divided by 97?
94
Calculate the remainder when 56131 is divided by 891.
889
Calculate the remainder when 418188 is divided by 418149.
39
Calculate the remainder when 57540 is divided by 1050.
840
Calculate the remainder when 467629 is divided by 3316.
73
What is the remainder when 217143641 is divided by 10059?
8
What is the remainder when 325226536 is divided by 63?
61
Calculate the remainder when 146576877 is divided by 180.
177
What is the remainder when 630042 is divided by 74?
6
Calculate the remainder when 31968611 is divided by 176.
147
What is the remainder when 2215029 is divided by 488?
485
What is the remainder when 2163775 is divided by 209?
207
Calculate the remainder when 5731163 is divided by 3831.
3818
Calculate the remainder when 134372 is divided by 10319.
225
What is the remainder when 51558 is divided by 2241?
15
Calculate the remainder when 14909175 is divided by 14.
1
What is the remainder when 913309 is divided by 10?
9
What is the remainder when 1686993 is divided by 737?
0
Calculate the remainder when 511867647 is divided by 14.
11
Calculate the remainder when 17987328 is divided by 749.
93
What is the remainder when 298372 is divided by 14918?
12
What is the remainder when 219801 is divided by 2166?
1035
What is the remainder when 292114 is divided by 833?
564
What is the remainder when 8240282 is divided by 1260?
1142
Calculate the remainder when 93711 is divided by 2626.
1801
Calculate the remainder when 5064279 is divided by 1165.
24
Calculate the remainder when 1850945 is divided by 370170.
95
Calculate the remainder when 235955748 is divided by 113.
109
Calculate the remainder when 119081 is divided by 527.
506
What is the remainder when 109052 is divided by 2606?
2206
What is the remainder when 182358 is divided by 3578?
3458
Calculate the remainder when 621418 is divided by 310525.
368
What is the remainder when 5109387 is divided by 2812?
2795
What is the remainder when 4923 is divided by 524?
207
What is the remainder when 992372451 is divided by 4302?
4299
What is the remainder when 13258963 is divided by 13258948?
15
Calculate the remainder when 1883909 is divided by 8803.
67
What is the remainder when 18915038 is divided by 117?
116
Calculate the remainder when 590518 is divided by 179.
176
What is the remainder when 652378 is divided by 61?
44
Calculate the remainder when 1336946 is divided by 668445.
56
Calculate the remainder when 28543887 is divided by 232.
231
What is the remainder when 993904 is divided by 165325?
1954
Calculate the remainder when 8821395 is divided by 91889.
51
Calculate the remainder when 446953 is divided by 2676.
61
What is the remainder when 459897 is divided by 459822?
75
What is the remainder when 663469 is divided by 760?
749
Calculate the remainder when 12410332 is divided by 34.
26
Calculate the remainder when 102642 is divided by 50335.
1972
Calculate the remainder when 6823797 is divided by 310172.
13
Calculate the remainder when 555907 is divided by 48.
19
What is the remainder when 24054722 is divided by 20?
2
What is the remainder when 494746 is divided by 2391?
2200
What is the remainder when 67701615 is divided by 284?
275
Calculate the remainder when 228788 is divided by 76012.
752
Calculate the remainder when 936154 is divided by 237.
4
What is the remainder when 10284404 is divided by 14734?
72
What is the remainder when 291520 is divided by 32352?
352
Calculate the remainder when 41403268 is divided by 1254644.
16
What is the remainder when 255383 is divided by 85054?
221
What is the remainder when 165994 is divided by 76?
10
What is the remainder when 2028301 is divided by 46097?
33
What is the remainder when 14864518 is divided by 2477416?
22
What is the remainder when 57324 is divided by 2355?
804
Calculate the remainder when 38867 is divided by 2782.
2701
Calculate the remainder when 2836084 is divided by 94534.
64
Calculate the remainder when 76184855 is divided by 558.
557
Calculate the remainder when 1850427 is divided by 42055.
7
What is the remainder when 633889 is divided by 17?
10
What is the remainder when 466064 is divided by 1175?
764
Calculate the remainder when 11348759 is divided by 78.
71
Calculate the remainder when 22326138 is divided by 9.
0
What is the remainder when 36377 is divided by 8384?
2841
What is the remainder when 148330 is divided by 364?
182
What is the remainder when 106080654 is divided by 32?
14
Calculate the remainder when 252940 is divided by 17.
14
Calculate the remainder when 4934407 is divided by 46994.
37
What is the remainder when 301993 is divided by 150463?
1067
What is the remainder when 103752777 is divided by 68?
9
What is the remainder when 605786 is divided by 605344?
442
Calculate the remainder when 2760470 is divided by 5488.
6
Calculate the remainder when 37036010 is divided by 4369.
4366
Calculate the remainder when 1435450 is divided by 42216.
106
Calculate the remainder when 399850438 is divided by 642.
640
Calculate the remainder when 156665 is divided by 5790.
335
Calculate the remainder when 676115 is divided by 30580.
3355
Calculate the remainder when 7385757 is divided by 3203.
2842
Calculate the remainder when 24578578 is divided by 7926.
52
Calculate the remainder when 25715 is divided by 8700.
8315
Calculate the remainder when 2536516 is divided by 1037.
14
What is the remainder when 8413 is divided by 4127?
159
Calculate the remainder when 20003600 is divided by 1102.
96
Calculate the remainder when 90261517 is divided by 63.
31
What is the remainder when 24864500 is divided by 24?
20
What is the remainder when 2424919 is divided by 58?
55
What is the remainder when 89473 is divided by 252?
13
What is the remainder when 11275751 is divided by 11242?
25
Calculate the remainder when 845292 is divided by 2184.
84
Calculate the remainder when 104095 is divided by 26002.
87
Calculate the remainder when 1319199 is divided by 1318978.
221
What is the remainder when 1420978 is divided by 710483?
12
Calculate the remainder when 14390 is divided by 4408.
1166
Calculate the remainder when 3456061 is divided by 1581.
1576
What is the remainder when 1367589 is divided by 17529?
327
Calculate the remainder when 230308 is divided by 19137.
664
Calculate the remainder when 731162 is divided by 104451.
5
Calculate the remainder when 142072 is divided by 166.
142
What is the remainder when 315844 is divided by 4859?
9
Calculate the remainder when 288725 is divided by 95153.
3266
What is the remainder when 1211741 is divided by 449?
339
Calculate the remainder when 16188 is divided by 850.
38
Calculate the remainder when 1112974 is divided by 123661.
25
Calculate the remainder when 425899 is divided by 106023.
1807
Calculate the remainder when 1165688 is divided by 1053.
17
Calculate the remainder when 344562 is divided by 3627.
3624
Calculate the remainder when 8130389 is divided by 4383.
4307
What is the remainder when 1135657 is divided by 113561?
47
What is the remainder when 1231202 is divided by 4202?
16
Calculate the remainder when 514240 is divided by 5138.
440
Calculate the remainder when 2801519 is divided by 10692.
215
Calculate the remainder when 19293508 is divided by 44.
36
Calculate the remainder when 7879748 is divided by 1466.
1464
What is the remainder when 228368172 is divided by 9?
3
What is the remainder when 29986626 is divided by 1763919?
3
Calculate the remainder when 5778096 is divided by 24.
0
What is the remainder when 17722797 is divided by 300?
297
Calculate the remainder when 13913116 is divided by 379.
26
What is the remainder when 40132362 is divided by 40132358?
4
Calculate the remainder when 263439 is divided by 672.
15
What is the remainder when 1498596 is divided by 249765?
6
What is the remainder when 1225851 is divided by